{"version":"1.0","provider_name":"Escola Arco-\u00edris GT","provider_url":"https:\/\/regenbogenschule-gt.de\/pt","author_name":"RBS","author_url":"https:\/\/regenbogenschule-gt.de\/pt\/author\/duellmann","title":"Fr\u00fchlingsauftakt in der Regenbogenschule - Regenbogenschule-GT","type":"rich","width":600,"height":338,"html":"<blockquote class=\"wp-embedded-content\" data-secret=\"CtNczmbLsL\"><a href=\"https:\/\/regenbogenschule-gt.de\/pt\/fruehlingsauftakt-in-der-regenbogenschule\">Fr\u00fchlingsauftakt in der Regenbogenschule<\/a><\/blockquote><iframe sandbox=\"allow-scripts\" security=\"restricted\" src=\"https:\/\/regenbogenschule-gt.de\/pt\/fruehlingsauftakt-in-der-regenbogenschule\/embed#?secret=CtNczmbLsL\" width=\"600\" height=\"338\" title=\"&#8220;Fr\u00fchlingsauftakt in der Regenbogenschule&#8221; &#8212; Regenbogenschule-GT\" data-secret=\"CtNczmbLsL\" frameborder=\"0\" marginwidth=\"0\" marginheight=\"0\" scrolling=\"no\" class=\"wp-embedded-content\"><\/iframe><script>\n\/*! This file is auto-generated *\/\n!function(d,l){\"use strict\";l.querySelector&&d.addEventListener&&\"undefined\"!=typeof URL&&(d.wp=d.wp||{},d.wp.receiveEmbedMessage||(d.wp.receiveEmbedMessage=function(e){var t=e.data;if((t||t.secret||t.message||t.value)&&!\/[^a-zA-Z0-9]\/.test(t.secret)){for(var s,r,n,a=l.querySelectorAll('iframe[data-secret=\"'+t.secret+'\"]'),o=l.querySelectorAll('blockquote[data-secret=\"'+t.secret+'\"]'),c=new RegExp(\"^https?:$\",\"i\"),i=0;i<o.length;i++)o[i].style.display=\"none\";for(i=0;i<a.length;i++)s=a[i],e.source===s.contentWindow&&(s.removeAttribute(\"style\"),\"height\"===t.message?(1e3<(r=parseInt(t.value,10))?r=1e3:~~r<200&&(r=200),s.height=r):\"link\"===t.message&&(r=new URL(s.getAttribute(\"src\")),n=new URL(t.value),c.test(n.protocol))&&n.host===r.host&&l.activeElement===s&&(d.top.location.href=t.value))}},d.addEventListener(\"message\",d.wp.receiveEmbedMessage,!1),l.addEventListener(\"DOMContentLoaded\",function(){for(var e,t,s=l.querySelectorAll(\"iframe.wp-embedded-content\"),r=0;r<s.length;r++)(t=(e=s[r]).getAttribute(\"data-secret\"))||(t=Math.random().toString(36).substring(2,12),e.src+=\"#?secret=\"+t,e.setAttribute(\"data-secret\",t)),e.contentWindow.postMessage({message:\"ready\",secret:t},\"*\")},!1)))}(window,document);\n\/\/# sourceURL=https:\/\/regenbogenschule-gt.de\/wp-includes\/js\/wp-embed.min.js\n<\/script>","thumbnail_url":"https:\/\/regenbogenschule-gt.de\/wp-content\/uploads\/2024\/03\/OvnkbEbBjTMVPDkjUMbQMqLf.jpg","thumbnail_width":450,"thumbnail_height":600,"description":"Die Regenbogenschule ist eine &#8222;singende Schule&#8220;! Einmal mehr wird dieses im Schulprogramm verankerte Konzept im Schulalltag durch das Jahreszeitensingen umgesetzt. Heute, am 20.03.24 bei fr\u00fchlingshaften Temperaturen versammelte sich die Schulgemeinschaft, um unter der Leitung von Frau Hullermann den Fr\u00fchling angemessen zu begr\u00fc\u00dfen: &#8222;Immer wieder kommt ein neuer Fr\u00fchling&#8220; &#8222;Alle V\u00f6gel sind schon da&#8220; und\u00a0&#8222;Ich lieb [&hellip;]"}

Escola Arco-íris GT

Frühlingsauftakt in der Regenbogenschule - Regenbogenschule-GT

<blockquote class="wp-embedded-content" data-secret="CtNczmbLsL"><a href="https://regenbogenschule-gt.de/pt/fruehlingsauftakt-in-der-regenbogenschule">Frühlingsauftakt in der Regenbogenschule</a></blockquote><iframe sandbox="allow-scripts" security="restricted" src="https://regenbogenschule-gt.de/pt/fruehlingsauftakt-in-der-regenbogenschule/embed#?secret=CtNczmbLsL" width="600" height="338" title="&#8220;Frühlingsauftakt in der Regenbogenschule&#8221; &#8212; Regenbogenschule-GT" data-secret="CtNczmbLsL" frameborder="0" marginwidth="0" marginheight="0" scrolling="no" class="wp-embedded-content"></iframe><script>
/*! This file is auto-generated */
!function(d,l){"use strict";l.querySelector&&d.addEventListener&&"undefined"!=typeof URL&&(d.wp=d.wp||{},d.wp.receiveEmbedMessage||(d.wp.receiveEmbedMessage=function(e){var t=e.data;if((t||t.secret||t.message||t.value)&&!/[^a-zA-Z0-9]/.test(t.secret)){for(var s,r,n,a=l.querySelectorAll('iframe[data-secret="'+t.secret+'"]'),o=l.querySelectorAll('blockquote[data-secret="'+t.secret+'"]'),c=new RegExp("^https?:$","i"),i=0;i<o.length;i++)o[i].style.display="none";for(i=0;i<a.length;i++)s=a[i],e.source===s.contentWindow&&(s.removeAttribute("style"),"height"===t.message?(1e3<(r=parseInt(t.value,10))?r=1e3:~~r<200&&(r=200),s.height=r):"link"===t.message&&(r=new URL(s.getAttribute("src")),n=new URL(t.value),c.test(n.protocol))&&n.host===r.host&&l.activeElement===s&&(d.top.location.href=t.value))}},d.addEventListener("message",d.wp.receiveEmbedMessage,!1),l.addEventListener("DOMContentLoaded",function(){for(var e,t,s=l.querySelectorAll("iframe.wp-embedded-content"),r=0;r<s.length;r++)(t=(e=s[r]).getAttribute("data-secret"))||(t=Math.random().toString(36).substring(2,12),e.src+="#?secret="+t,e.setAttribute("data-secret",t)),e.contentWindow.postMessage({message:"ready",secret:t},"*")},!1)))}(window,document);
//# sourceURL=https://regenbogenschule-gt.de/wp-includes/js/wp-embed.min.js
</script>

Die Regenbogenschule ist eine &#8222;singende Schule&#8220;! Einmal mehr wird dieses im Schulprogramm verankerte Konzept im Schulalltag durch das Jahreszeitensingen umgesetzt. Heute, am 20.03.24 bei frühlingshaften Temperaturen versammelte sich die Schulgemeinschaft, um unter der Leitung von Frau Hullermann den Frühling angemessen zu begrüßen: &#8222;Immer wieder kommt ein neuer Frühling&#8220; &#8222;Alle Vögel sind schon da&#8220; und &#8222;Ich lieb [&hellip;]
